 factor of l and 864.
54
Suppose -81235 - 461969 = -237*j. Calculate the greatest common factor of 96 and j.
12
Suppose -2*z - 8 = -s - 5*z, -5*s = 2*z - 53. Suppose -2*k + 27 = s. Calculate the highest common factor of k and 22.
2
Let h = -7246 + 13505. Calculate the highest common divisor of h and 121.
11
Suppose 0 = 4*n + 3*z + 18 - 43, 3*n - 3*z - 45 = 0. Calculate the greatest common factor of n and 295.
5
Let f be 97 + -19 - 18 - ((3 - 0) + 5). What is the greatest common divisor of 18668 and f?
52
Suppose -c + 729 = -5*h + 2730, 2*h + 5*c - 795 = 0. Suppose -875*p + 879*p - 100 = 0. Calculate the greatest common factor of h and p.
25
Suppose 3*c - 21 = 0, -2*l + 83 = -3*c + 92. Calculate the highest common factor of 54 and l.
6
Let t be 9 + (-295)/35 - 920/(-7). What is the greatest common factor of 900 and t?
12
Let d = -21 + 21. Let g = 18 - d. Suppose -3*a = 6 - 3, 5*a = -3*l + 13. What is the highest common divisor of l and g?
6
Let l be 12/2 + (-4 - (-8)/2). Let b(h) = -h**2 + 7*h + 1. Let g be b(l). Calculate the greatest common factor of 77 and g.
7
Suppose -5*b + 0 + 140 = 0. Let i be (-3)/12*-7*(-59 - -19). Let q be (i/7)/(35/(-14)). What is the highest common factor of b and q?
4
Let g = -6049 - -10180. What is the greatest common factor of g and 51?
51
Let h(p) = p**2 - p + 33. Let x be h(0). Suppose -x = 9*b - 600. Calculate the highest common divisor of b and 147.
21
Let b(n) = n**3 - 4*n**2 + 12. Let r be b(5). Suppose r*t + 1240 = 39*t. Calculate the greatest common divisor of 20 and t.
20
Let h be ((-98)/4)/((-1)/(-2)). Suppose 28*f + 1715 = 35. Let i = h - f. What is the highest common divisor of i and 121?
11
Let r = 64 - 149. Let x = r + 88. Suppose -p + 2*k + 10 = 0, -2 = 2*k - x*k. Calculate the greatest common factor of 49 and p.
7
Let h be (-5)/((-751)/(-3420) + (-6)/27). Suppose 5*d = -5*d + h. Suppose 3*o = 8*o - d. Calculate the highest common factor of o and 57.
19
Let x = 8256 + -8174. What is the greatest common factor of 2 and x?
2
Let i = 4426 + 1344. What is the highest common factor of 10 and i?
10
Let y be ((-16)/(-32))/((-4)/(-3072)). What is the highest common divisor of y and 240?
48
Let a be 0 + 9/(3/(-2)*-2). Let c be 10*(a - (-174)/30). Calculate the greatest common divisor of 968 and c.
88
Let z = -970 + 972. Let f be (48/6)/((-1)/(-2)). What is the greatest common divisor of z and f?
2
Let z be (4 + -2 - 1)*(-17 + 849). Calculate the highest common divisor of z and 40.
8
Suppose -2*m + 0*m - 17*m + 12844 = 0. Calculate the greatest common factor of m and 1300.
52
Suppose -255 = -9*z + 177. Let a = -399 + 459. Calculate the greatest common factor of a and z.
12
Let f(n) = -11*n**2 - 13*n**2 - 1 - 11*n**2. Let c be f(1). Let y = -18 - c. What is the greatest common divisor of y and 6?
6
Let d(m) = -12*m + 81. Let n be d(3). Let o = 23 - 5. What is the greatest common divisor of n and o?
9
Suppose 2*v = -2*v + 2*r, -v - r = 0. Let z be -2 - (-15)/(v - -3). Suppose -20 = -z*w + 10. What is the highest common divisor of w and 110?
10
Let k(c) = c**2 - 16*c + 9. Let p be k(16). Suppose -124 = p*l - 880. Let i = 19 - -2. Calculate the highest common divisor of i and l.
21
Let t = -435 - -624. Suppose -13*n + 9*n + 4 = 0. Suppose -u + 26 = -n. What is the greatest common divisor of u and t?
27
Let i be (-32)/(-12)*1140/16. Suppose -720 + i = -5*o - t, 80 = o - 5*t. Calculate the greatest common factor of o and 21.
21
Let s be ((-384)/28)/(20/(-420)). What is the highest common factor of s and 264?
24
Let j be (-1 - (-1 + 10/(-65))) + 680973/39. Calculate the highest common factor of 57 and j.
19
Let s = -6703 - -6863. What is the greatest common factor of s and 3680?
160
Let h be 49/(-5) - (32/10 - 3). Let t = 67 + h. What is the highest common factor of 3 and t?
3
Let c(q) = 19*q - 104. Let o be c(6). Suppose -640 = -o*y + 8*y. Calculate the greatest common factor of y and 20.
20
Let s(f) = f**3 - f**2 - 69*f + 29. Let d be s(-8). Calculate the highest common divisor of d and 1280.
5
Let c(m) = -m**3 - 13*m**2 - 25*m - 4. Let u be c(-11). Let o = u + -39. Let a(t) = -48*t - 3. Let r be a(o). Calculate the highest common factor of 53 and r.
53
Suppose -2*v - 5*g - 65 = -4*g, 0 = 2*v - 2*g + 62. Let u = 44 + v. Let q be -4*9/u*-1 + 162. What is the highest common divisor of 15 and q?
15
Let h be 1/(0 + 2/352). Let m(n) be the second derivative of -11*n**3/3 - 11*n**2/2 + n. Let p be m(-1). Calculate the greatest common divisor of h and p.
11
Suppose 2*f = 6*f, 2*d - 4*f = 6. Let a = 138 + -138. Suppose -3*i + 5*x + 7 = a, -d*x - 2 + 5 = -i. Calculate the greatest common factor of i and 99.
9
Let j(g) = -2*g**3 + 9*g**2 + 283*g + 1657. Let c be j(-6). Calculate the greatest common factor of 20 and c.
5
Suppose z + 2*f + 4 - 100 = 0, -2*f = 0. Let v = -90 - -76. Let r be v/21 - (-98)/3. What is the highest common divisor of z and r?
32
Suppose 91*h + 15 = 94*h, 3*s - 1440 = -3*h. Calculate the greatest common divisor of s and 1064.
19
Let i be ((9345/6)/7)/((-77)/(-770)). What is the greatest common factor of 534 and i?
89
Let f(y) = -27*y + 1017. Let x be f(36). What is the highest common divisor of x and 2493?
9
Let v(q) = 56*q**2 + 26*q - 10. Let f be v(-2). What is the greatest common factor of 1350 and f?
54
Let v(n) = -n**2 - 6*n - 4. Let b be v(-4). Let q(f) = f**2 - 2*f - 5. Let k be q(b). Let d be (4 + k)/(1 - 0). What is the greatest common divisor of 1 and d?
1
Let b = -9673 - -9705. Let x be (120/70)/(2/336). Calculate the greatest common factor of b and x.
32
Suppose -499*s = -5*z - 504*s + 39710, 2*z - 15900 = 2*s. What is the highest common divisor of 174 and z?
58
Let v be -21170*(-37)/1110 - (-7)/3. Let z be 15*1 - (4 - 1). What is the greatest common divisor of v and z?
12
Suppose -10669 = -q - 7*q + 23203. Calculate the greatest common divisor of 174 and q.
58
Let u be 65 + 12 + -2*3. Let o = u - 51. What is the greatest common divisor of 90 and o?
10
Let y be 1/5*6*4050/243. Let m = 123 + y. Suppose -55 = -2*g - 3*g. What is the highest common factor of m and g?
11
Suppose 10*z = 8*z - 8, -y = 3*z - 1157. What is the highest common factor of 7 and y?
7
Let f be (-99 + 9)/(3/(-2)). Suppose f = -18*i + 21*i. Suppose 5*b - 190 = -4*p, 0 = -2*b - 2*b - 8. Calculate the greatest common factor of i and p.
10
Let t = 712 + -362. Let m be 2*(-4 - (t/(-4))/7). Suppose m*q - 338 = 4*q. What is the highest common divisor of q and 65?
13
Suppose 75*i = 71*i + 2*z + 3822, -5*i - 2*z = -4791. What is the greatest common divisor of 116 and i?
29
Let w = -190 - -281. Suppose 1383 = -4*i - i - y, 0 = -i + 5*y - 287. Let o = i - -290. Calculate the highest common factor of o and w.
13
Suppose 2*a - 10*y = -11*y + 19, 4*y - 40 = -5*a. What is the highest common divisor of 316 and a?
4
Let b(z) = -z**2 + 37*z - 121. Suppose 10*l = -15*l + 400. Let i be b(l). What is the greatest common factor of 15 and i?
5
Let r = -18 + 48. Let q = 342 - 342. Let y(u) = u**3 - 2*u**2 + 20. Let d be y(q). What is the greatest common factor of d and r?
10
Let z = 3084 + -2864. What is the highest common factor of z and 1595?
55
Let w(f) = 3*f**2 + 3*f - 810. Let x be w(29). What is the highest common factor of 1100 and x?
100
Suppose 0 = -2*y, -j - 2*y = -5*y + 13. Let d(u) = -u + 4. Let p be d(j). Let h = -6605 - -6741. What is the highest common divisor of h and p?
17
Let w(s) = 2*s**3 + 35*s**2 - 16*s + 44. Let f be w(-18). Calculate the greatest common factor of f and 240.
8
Suppose 0 = -0*r - 2*r + 12. Suppose -2*k = -2*g + 8, g = -4*k + r*g - 18. Let d(m) = -9*m - 6. Let y be d(k). What is the greatest common divisor of 6 and y?
6
Let y(g) be the first derivative of 14*g - 3 - 1/2*g**2 - 11/3*g**3 + 1/4*g**4. Let c be y(11). What is the highest common factor of 12 and c?
3
Suppose 59*m + 58 = 57*m. Let a = 114 - m. Calculate the highest common factor of a and 11.
11
Let m be 120 + (16 - (11 - -5)). What is the highest common divisor of m and 6180?
60
Let m(o) = o**3 + 26*o**2 + 39*o + 64. Let f be m(-24). Calculate the highest common divisor of f and 3500.
140
Suppose 0 = -r + 4*o + 22, 4*r - 67 = -2*o - 3*o. Calculate the greatest common divisor of 1314 and r.
18
Let k(t) = 2*t**2 - 5*t + 2. Let c be k(3). Let x